 - 11. Let y be t(2). Let v be o(y). List the prime factors of p(v).
2, 7, 13
Let s be ((-9810)/40)/(4/16). Let a = s + 2911. What are the prime factors of a?
2, 5, 193
What are the prime factors of (-22)/(-22) + 3 + 20940?
2, 7, 11, 17
Let c = 1335 - 385. Suppose -v - 4*h = -c, -22*v = -17*v - 4*h - 4678. List the prime factors of v.
2, 7, 67
Let j = 6558 - 4582. List the prime factors of j.
2, 13, 19
Let k(y) = 11*y**3 - 11*y**3 - 27*y - y**3 + 4*y**2 - 19*y**2 - 8. Let w be k(-13). Let c(t) = t**2 - 2*t + 2. What are the prime factors of c(w)?
17
Suppose 5*b + 4 = 2*t, 4 = -b + 5*b + 2*t. Suppose b = 33*k - 11058 - 7917. What are the prime factors of k?
5, 23
Let n(l) = 82*l + 1. Suppose 5*c = -5, -2*p - c = 2*c - 17. What are the prime factors of n(p)?
821
Let n = 171064 + -112852. List the prime factors of n.
2, 3, 7, 11
Let w(g) = 7*g + 15. Let c(f) = -5*f. Let y be c(-1). Suppose -2*p - 3 - 3 = -y*r, p - 2*r = -1. List the prime factors of w(p).
2
Let t(f) = f**2 + 13*f - 46. Let n be t(-16). Let s be 2/(30/(-20)*n/(-177)). Let q = s + -14. What are the prime factors of q?
2, 13
Let u = -52 - -34. Let q be ((-16)/(-6) - 6/u)/1. Suppose 3*s - 11 = 1, 3*y = -q*s + 258. What are the prime factors of y?
2, 41
Let w(i) = 100*i**3 - 2*i**2 + 4*i + 20. List the prime factors of w(4).
2, 1601
Let h be (20/75 - 3/(-9))*-5. What are the prime factors of ((-1)/(-3))/(h/(-558))?
2, 31
Suppose -12*p - 368 = -14*p. Suppose -a - w = -p, 3*a = 3*w + w + 573. List the prime factors of a.
11, 17
Let o = -7178 - -14538. What are the prime factors of o?
2, 5, 23
Let b be (34 - 35)/(-2*(-2)/(-20)). Suppose -b*u + 959 = -521. List the prime factors of u.
2, 37
Suppose -2*p + 542 = 2*w, p + 4*p - 4*w = 1337. Let x = -445 - -698. Suppose -9*h + p = -x. List the prime factors of h.
2, 29
Let b(v) = 23*v**2 + 57*v - 27. Let r(o) = o**2 + 2*o + 2. Let d(g) = b(g) - 22*r(g). Let p(m) = -20*m - 1. Let h be p(1). What are the prime factors of d(h)?
97
Suppose j - 145 = 726. Let z = 179 + j. List the prime factors of z.
2, 3, 5, 7
Let h(d) = -d**2 + 4*d + 135. Let z(p) = -p**3 - 4*p**2 + 12*p. Let j be z(-6). List the prime factors of h(j).
3, 5
Suppose -35*w - 2730008 = -107*w - 416288. List the prime factors of w.
5, 6427
Suppose -8630 = -6569*v + 6567*v. List the prime factors of v.
5, 863
Let o(b) = 1392*b**3 + 4*b - 2. Let a be o(1). Let g = 3254 - a. List the prime factors of g.
2, 3, 5, 31
Suppose -324*n - h - 15784 = -326*n, 2*n - 15748 = -5*h. What are the prime factors of n?
7, 23
Suppose -7 = -k - 4*w + 11, -4*k + 55 = -w. List the prime factors of 3062/k - 44/(-154).
3, 73
Let a(j) = 6*j**2 + j - 1. Let r be a(1). Let c(d) = 6*d + 12*d - 23*d + 39 + r*d. List the prime factors of c(9).
2, 3
Let l(u) = 2 - 10 + 5*u + 2. Let g be (2 + (-40)/14)*(-5824)/624. What are the prime factors of l(g)?
2, 17
Suppose -1652 = -15*h + 11*h + 4*m, -4*h + 1654 = -5*m. Suppose -2*t + 409 + h = 0. What are the prime factors of t?
2, 5, 41
Let q(t) = -6*t + 260. Let h be q(43). List the prime factors of 0/(7 - 5) + h - -200.
2, 101
Suppose 5*h - h - 352 = 0. Suppose h = -u + 150. List the prime factors of u.
2, 31
Let b = -1464 + 4457. List the prime factors of b.
41, 73
Suppose 0 = 53*t + 31*t - 604884. List the prime factors of t.
19, 379
Let d be -1 - (-6 + 25/5). Suppose v + 355 = 3*a - 15, -2*a - 5*v + 258 = d. What are the prime factors of a?
2, 31
Let u(j) = 9 + 2*j + 3*j**3 - 2*j**3 + 3*j**2 + 4*j**3 - 5*j. List the prime factors of u(3).
2, 3
Let w(x) = 161*x**2 - 74*x - 7. List the prime factors of w(-7).
2, 3, 5, 7
Suppose -4*j + 132025 = 21*j. Suppose 4*g - 4*w - j + 1529 = 0, -3752 = -4*g - 3*w. List the prime factors of g.
2, 7, 67
Let r(f) = -f**3 - 39*f**2 + 32*f - 646. List the prime factors of r(-49).
2, 5449
Let z(h) = 20*h**2 - 9*h**2 + 12*h**2 - h. Let s be z(-1). List the prime factors of (3 - (-36)/(-16))*s.
2, 3
Suppose -19826 = -2*h + 5*s, 3*h - 29688 = -3*s + 2*s. List the prime factors of h.
2, 7, 101
Let t(j) = -3*j**3 - 23*j**2 + 8*j + 2. Let w be t(-8). Suppose -11*x - 35 = -w. List the prime factors of x + 3/((-1041)/(-516) + -2).
13
Let c(g) = g**3 + 19*g**2 + 2*g + 38. Let u be c(-19). Suppose 2*l - 5*l = -5*n - 1586, u = 2*l - 3*n - 1059. List the prime factors of l.
3, 179
Suppose 19*c = -16*c + 70. Suppose -638 = -2*z + 4*s - 0*s, -c*z = 3*s - 624. What are the prime factors of z?
3, 5, 7
Let c(f) = 1164*f - 9. Let g = 72 - 60. Let x be c(g). List the prime factors of 4/(-14) + x/77.
181
Let l be (-2)/(-6) + -13983*(-10)/90. Let j = -1102 + l. What are the prime factors of j?
2, 113
Suppose -124*y + 123*y + 53 = 0. Let c = 18 + y. What are the prime factors of c?
71
Suppose 0 = -4*v + 3*f + 31, -2*v - 30*f = -31*f - 13. Suppose -l = -0*o + v*o - 896, 0 = 5*l + 5*o - 4540. What are the prime factors of l?
2, 3, 19
Let d = 22535 - 12479. List the prime factors of d.
2, 3, 419
Let u = 261 - 66. Suppose -2*q + z + 125 = q, 5*q - u = -5*z. Suppose h - q = 4*y + 47, 0 = -2*h - 4*y + 188. What are the prime factors of h?
2, 23
Let c(o) = o**2 - 12. Suppose -1 + 21 = -5*s. Let m be c(s). Suppose 326 = 2*v - 4*n, -n + m = v - 159. List the prime factors of v.
163
Suppose 12*n - 496 = 1712. Let y = n - -100. List the prime factors of y.
2, 71
Suppose 7*p - 32653 = -3*s + 8*p, -4*s = -4*p - 43556. List the prime factors of s.
2, 5441
List the prime factors of 5634 + (1 - -2) - (-33 + 45).
3, 5
Suppose 3*q = -4*a + 84, 2*a - 5*a + 2*q = -46. Suppose -5*b - 2*d = -a, -5*b + 6*b = -d + 3. List the prime factors of 64 - (0 + b) - (3 - 0).
3, 19
What are the prime factors of 2468011/63 + 180/81?
3, 1451
Suppose -138*t - 3*t = -579163 - 4647284. List the prime factors of t.
101, 367
Let i be 54/90 + (-6)/10. Suppose 5*q - 76 + 51 = i. List the prime factors of q.
5
Suppose -71769 = -37*q + 1261284 - 62473. What are the prime factors of q?
2, 5, 17, 101
Suppose 6*k - 5*s = 7*k + 7, -k = -2*s - 7. Let u(l) = 4*l**2 + 6*l. Let z be u(5). Suppose 17 - z = -v + k*r, -3*v - 5*r = -381. List the prime factors of v.
2, 61
Let u = -911 - -1592. Suppose -5*b - 35 = -w, -2*b + 192 = -w + 209. Suppose c = -w*j - 0*c + u, -5*c + 5 = 0. List the prime factors of j.
2, 17
Let c(x) = 2*x**2 - 5*x + 68. Let l be c(-8). Let t be (-3)/((-5)/2 + 1). Suppose t*y = 102 + l. List the prime factors of y.
13
Suppose -383 = -7*i - 5. Suppose -6*d = -12*d - i. List the prime factors of (-788)/(-18) + (-2)/d.
2, 11
Let f be 74/9 + 30/(-135). Suppose -5*k + 6526 = f*k. List the prime factors of k.
2, 251
Suppose t = -4*z + 34429, -71*z - t = -73*z + 17225. List the prime factors of z.
8609
Let j(u) = -4*u + 73*u**2 + 3*u - 34*u**2 + 32 - 39 - 34*u**2. Suppose -2*r + 4*r + f = -7, 0 = -5*r - 3*f - 17. List the prime factors of j(r).
7, 11
Suppose -4*p + 3*z + 3488 = -5235, 5*z = -2*p + 4355. Suppose -i - 425 + p = 0. What are the prime factors of i?
3, 5, 13
Let x(c) = -13*c + 124. Let m be x(12). Let d(t) = -2*t**3 - 64*t**2 - 64*t - 25. List the prime factors of d(m).
7, 17
Suppose -5*v + 3*v + 8 = -3*k, 3 = -3*v - 3*k. What are the prime factors of (((-27)/(-2))/v)/(3/28)?
2, 3, 7
Let v(w) = w**3 - 2*w**2 - 6*w + 13. Let b be v(3). Suppose -1476 = -4*y - 4*u, -y - 30 + 424 = -b*u. What are the prime factors of y?
2, 11, 17
Let v(u) = 4*u + 11. Let f be v(-4). Let d be -1*15/f + 26. Suppose 3*s - d = 85. What are the prime factors of s?
2, 19
Let k be 1818/4 - (-1)/(-2). Let h(q) = 3*q**3 - q**2 + 1159. Let f be h(0). Suppose 0 = -5*x + f - k. List the prime factors of x.
3, 47
Let o be ((-3)/4)/((-3)/12). Suppose 4*d - w - 286 = 0, d + o*w + w = 63. Suppose -g = 2*f + 2*g - 127, f + 4*g = d. What are the prime factors of f?
59
Suppose g - 63 = -376. Let w = g + 617. What are the prime factors of w?
2, 19
Suppose -2*y - 5*i + 189982 = 0, 94991 = -103*y + 104*y - i. What are the prime factors of y?
13, 7307
Suppose 2*j - 102812 = 3*w, w = -10*j + 11*j - 51403. List the prime factors of j.
103, 499
Suppose 5*p - 2576 = -d, -3*d = 4*p - 0*p - 7750. List the prime factors of 1/(-1 + d/2580).
2, 5, 43
Let a(q) be the first derivative of q**4/4 - q**3/3 + q**2/2 - q - 9. Let k be a(1). Suppose k = 2*m - 2*i - 106, -4 + 8 = 4*i. List the prime factors of m.
2, 3
Let a be (-1)/(-1) - (-